{"id":125,"date":"2012-08-22T13:37:39","date_gmt":"2012-08-22T13:37:39","guid":{"rendered":"http:\/\/uenf.br\/reitoria\/secacad\/?page_id=125"},"modified":"2025-12-16T15:10:55","modified_gmt":"2025-12-16T15:10:55","slug":"download-de-documentos","status":"publish","type":"page","link":"https:\/\/uenf.br\/reitoria\/secacad\/download-de-documentos\/","title":{"rendered":"Download de Documentos"},"content":{"rendered":"<p><a href=\"http:\/\/uenf.br\/reitoria\/secacad\/files\/2012\/08\/REQUERIMENTO_GERAL.pdf\">Requerimento Geral<\/a><\/p>\n<p><a href=\"https:\/\/uenf.br\/graduacao\/sobre\/normas\/\">Normas da Gradua\u00e7\u00e3o<\/a><\/p>\n<p><a href=\"https:\/\/uenf.br\/posgraduacao\/engenharia-exploracao-de-petroleo\/programa\/regimentos-resolucoes-e-normas\/\">Normas da P\u00f3s Gradua\u00e7\u00e3o<\/a><\/p>\n<p>&nbsp;<\/p>\n","protected":false},"excerpt":{"rendered":"<p>Requerimento Geral Normas da Gradua\u00e7\u00e3o Normas da P\u00f3s Gradua\u00e7\u00e3o &nbsp;<\/p>\n","protected":false},"author":23,"featured_media":0,"parent":0,"menu_order":5,"comment_status":"closed","ping_status":"open","template":"","meta":{"footnotes":""},"class_list":["post-125","page","type-page","status-publish","hentry"],"_links":{"self":[{"href":"https:\/\/uenf.br\/reitoria\/secacad\/wp-json\/wp\/v2\/pages\/125","targetHints":{"allow":["GET"]}}],"collection":[{"href":"https:\/\/uenf.br\/reitoria\/secacad\/wp-json\/wp\/v2\/pages"}],"about":[{"href":"https:\/\/uenf.br\/reitoria\/secacad\/wp-json\/wp\/v2\/types\/page"}],"author":[{"embeddable":true,"href":"https:\/\/uenf.br\/reitoria\/secacad\/wp-json\/wp\/v2\/users\/23"}],"replies":[{"embeddable":true,"href":"https:\/\/uenf.br\/reitoria\/secacad\/wp-json\/wp\/v2\/comments?post=125"}],"version-history":[{"count":0,"href":"https:\/\/uenf.br\/reitoria\/secacad\/wp-json\/wp\/v2\/pages\/125\/revisions"}],"wp:attachment":[{"href":"https:\/\/uenf.br\/reitoria\/secacad\/wp-json\/wp\/v2\/media?parent=125"}],"curies":[{"name":"wp","href":"https:\/\/api.w.org\/{rel}","templated":true}]}}