{"id":20,"date":"2012-07-31T18:56:45","date_gmt":"2012-07-31T18:56:45","guid":{"rendered":"http:\/\/uenf.br\/reitoria\/secacad\/?page_id=20"},"modified":"2026-01-26T17:57:35","modified_gmt":"2026-01-26T17:57:35","slug":"equipe-secacad","status":"publish","type":"page","link":"https:\/\/uenf.br\/reitoria\/secacad\/apresentacao\/equipe-secacad\/","title":{"rendered":"Equipe SECACAD"},"content":{"rendered":"<p><strong>Respons\u00e1vel pela Secretaria Acad\u00eamica<\/strong>: Prof. Djalma\u00a0 Souza<\/p>\n<p style=\"padding-left: 30px\"><strong>Tel.:<\/strong> (22) 2748-6039<\/p>\n<p style=\"padding-left: 30px\"><strong>** Atendimento Presencial **<\/strong><\/p>\n<ul>\n<li>Segunda \u00e0 Sexta-feira: 09:00h \u00e0s 12:00h e 14:00 \u00e0s 17:00<\/li>\n<\/ul>\n<p><strong>Protocolo:<\/strong><\/p>\n<ul>\n<li>Ezilane Barbosa dos Santos Machado<\/li>\n<li>Elizabeth Cordeiro Silva<\/li>\n<\/ul>\n<p><strong>Tel.:<\/strong> (22) 2739-7218<\/p>\n<p><strong>Setor de Gradua\u00e7\u00e3o<\/strong>:<\/p>\n<ul>\n<li>Gontran de Carvalho Neto<\/li>\n<li>Jarilane Maia Rodrigues Tavares<\/li>\n<li>Raquel Dutra Coelho dos Santos<\/li>\n<li>Thiago Miquilito Manh\u00e3es<\/li>\n<\/ul>\n<p><strong>Tel.:<\/strong> (22) 2748 -6081<\/p>\n<p><strong>E-mail:<\/strong> graduacao@uenf.br<\/p>\n<p><strong>Setor de P\u00f3s-Gradua\u00e7\u00e3o<\/strong>:<\/p>\n<ul>\n<li>Adriana de Rezende Teixeira Almeida<\/li>\n<li>Lu\u00eds Carlos Vasconcelos<\/li>\n<li>Marilene de Almeida Viana Reid Silva<\/li>\n<li>Valentina Nogueira Moraes Martins<\/li>\n<\/ul>\n<p><strong>Tel.:<\/strong> (22) 2748-6002<\/p>\n<p><strong>E-mail:<\/strong> posgraduacao@uenf.br<\/p>\n<p><strong>Setor de EAD\/CEDERJ<\/strong><\/p>\n<ul>\n<li>Alessandra Oliveira de Souza<\/li>\n<li>Karolaine Alvarenga da Silva<\/li>\n<\/ul>\n<p><strong>E-mail:<\/strong> secretariaacademicaead@uenf.br<\/p>\n<p><strong>Setor de Registro de Diplomas<\/strong>:<\/p>\n<ul>\n<li>Patr\u00edcia de Souza Gomes<\/li>\n<li>V\u00edvian Fernandes Pereira<\/li>\n<li>Rog\u00e9ria Neves dos Santos Santana<\/li>\n<\/ul>\n<p><strong>Tel.:<\/strong> (22) 2748-6044\/ 2739-7152<\/p>\n<p><strong>E-mail:<\/strong> setordediplomas@uenf.br &#8211; (agendamento para retirada de diploma)<\/p>\n<p>&nbsp;<\/p>\n","protected":false},"excerpt":{"rendered":"<p>Respons\u00e1vel pela Secretaria Acad\u00eamica: Prof. Djalma\u00a0 Souza Tel.: (22) 2748-6039 ** Atendimento Presencial ** Segunda \u00e0 Sexta-feira: 09:00h \u00e0s 12:00h&#8230;<\/p>\n","protected":false},"author":23,"featured_media":0,"parent":113,"menu_order":1,"comment_status":"closed","ping_status":"closed","template":"","meta":{"footnotes":""},"class_list":["post-20","page","type-page","status-publish","hentry"],"_links":{"self":[{"href":"https:\/\/uenf.br\/reitoria\/secacad\/wp-json\/wp\/v2\/pages\/20","targetHints":{"allow":["GET"]}}],"collection":[{"href":"https:\/\/uenf.br\/reitoria\/secacad\/wp-json\/wp\/v2\/pages"}],"about":[{"href":"https:\/\/uenf.br\/reitoria\/secacad\/wp-json\/wp\/v2\/types\/page"}],"author":[{"embeddable":true,"href":"https:\/\/uenf.br\/reitoria\/secacad\/wp-json\/wp\/v2\/users\/23"}],"replies":[{"embeddable":true,"href":"https:\/\/uenf.br\/reitoria\/secacad\/wp-json\/wp\/v2\/comments?post=20"}],"version-history":[{"count":0,"href":"https:\/\/uenf.br\/reitoria\/secacad\/wp-json\/wp\/v2\/pages\/20\/revisions"}],"up":[{"embeddable":true,"href":"https:\/\/uenf.br\/reitoria\/secacad\/wp-json\/wp\/v2\/pages\/113"}],"wp:attachment":[{"href":"https:\/\/uenf.br\/reitoria\/secacad\/wp-json\/wp\/v2\/media?parent=20"}],"curies":[{"name":"wp","href":"https:\/\/api.w.org\/{rel}","templated":true}]}}