{"id":73,"date":"2012-08-01T11:58:48","date_gmt":"2012-08-01T11:58:48","guid":{"rendered":"http:\/\/uenf.br\/reitoria\/secacad\/?page_id=73"},"modified":"2016-09-22T17:28:43","modified_gmt":"2016-09-22T17:28:43","slug":"legislacao","status":"publish","type":"page","link":"https:\/\/uenf.br\/reitoria\/secacad\/graduacao\/legislacao\/","title":{"rendered":"Legisla\u00e7\u00e3o"},"content":{"rendered":"<p><strong><a href=\"http:\/\/www.planalto.gov.br\/ccivil_03\/Leis\/L9394.htm\">NORMAS, LEI DE DIRETRIZES E BASES DA EDUCA\u00c7\u00c3O NACIONAL<\/a><\/strong><\/p>\n<p><a href=\"http:\/\/portal.mec.gov.br\/cne\/arquivos\/pdf\/2007\/rces012_07.pdf\"><strong>Resolu\u00e7\u00e3o CNE\/CES n\u00ba 12, de 13 de dezembro de 2007<\/strong><\/a> &#8211; Disp\u00f5e sobre o registro de diplomas expedidos por institui\u00e7\u00f5es n\u00e3o-universit\u00e1rias.<\/p>\n<p><strong><a href=\"http:\/\/www.planalto.gov.br\/ccivil_03\/Leis\/LEIS_2001\/L10172.htm\">PNE &#8211; Plano Nacional de Educa\u00e7\u00e3o<\/a><\/strong><\/p>\n<p>&nbsp;<\/p>\n","protected":false},"excerpt":{"rendered":"<p>NORMAS, LEI DE DIRETRIZES E BASES DA EDUCA\u00c7\u00c3O NACIONAL Resolu\u00e7\u00e3o CNE\/CES n\u00ba 12, de 13 de dezembro de 2007 &#8211;&#8230;<\/p>\n","protected":false},"author":23,"featured_media":0,"parent":42,"menu_order":9,"comment_status":"closed","ping_status":"open","template":"","meta":{"footnotes":""},"class_list":["post-73","page","type-page","status-publish","hentry"],"_links":{"self":[{"href":"https:\/\/uenf.br\/reitoria\/secacad\/wp-json\/wp\/v2\/pages\/73","targetHints":{"allow":["GET"]}}],"collection":[{"href":"https:\/\/uenf.br\/reitoria\/secacad\/wp-json\/wp\/v2\/pages"}],"about":[{"href":"https:\/\/uenf.br\/reitoria\/secacad\/wp-json\/wp\/v2\/types\/page"}],"author":[{"embeddable":true,"href":"https:\/\/uenf.br\/reitoria\/secacad\/wp-json\/wp\/v2\/users\/23"}],"replies":[{"embeddable":true,"href":"https:\/\/uenf.br\/reitoria\/secacad\/wp-json\/wp\/v2\/comments?post=73"}],"version-history":[{"count":0,"href":"https:\/\/uenf.br\/reitoria\/secacad\/wp-json\/wp\/v2\/pages\/73\/revisions"}],"up":[{"embeddable":true,"href":"https:\/\/uenf.br\/reitoria\/secacad\/wp-json\/wp\/v2\/pages\/42"}],"wp:attachment":[{"href":"https:\/\/uenf.br\/reitoria\/secacad\/wp-json\/wp\/v2\/media?parent=73"}],"curies":[{"name":"wp","href":"https:\/\/api.w.org\/{rel}","templated":true}]}}