{"id":3216,"date":"2021-02-24T14:05:14","date_gmt":"2021-02-24T17:05:14","guid":{"rendered":"https:\/\/uenf.br\/reitoria\/transparencia\/?page_id=3216"},"modified":"2025-03-13T09:38:34","modified_gmt":"2025-03-13T12:38:34","slug":"01-04-principais-cargos-e-ocupantes","status":"publish","type":"page","link":"https:\/\/uenf.br\/reitoria\/transparencia\/1-institucional\/01-04-principais-cargos-e-ocupantes\/","title":{"rendered":"01.04 &#8211; Principais Cargos e Ocupantes"},"content":{"rendered":"<p><strong>Gabinete da Reitoria<\/strong><\/p>\n<ul>\n<li>Rosana Rodrigues &#8211; Reitora<\/li>\n<li>F\u00e1bio Lopes Olivares &#8211; Vice Reitor<\/li>\n<li>Etiene Marques Ambr\u00f3sio &#8211; Chefe de Gabinete<\/li>\n<li>Oscar Alfredo Paz La Torre &#8211; Secret\u00e1rio Geral<\/li>\n<li>T\u00e2nia Virg\u00ednia de Souza e Silva &#8211; Assessora<\/li>\n<li>M\u00e1rcia Regina Peruzzi Caetano &#8211; Assessora<\/li>\n<li>Andressa de Sousa Ribeiro &#8211; Assessora<\/li>\n<\/ul>\n<p><strong>Pr\u00f3-Reitores<\/strong><\/p>\n<ul>\n<li>Deborah Guerra Barroso &#8211; Pr\u00f3-Reitor de Extens\u00e3o e Assuntos Comunit\u00e1rios &#8211; PROEX<\/li>\n<li>Juraci Aparecido Sampaio &#8211; Pr\u00f3-Reitor de Gradua\u00e7\u00e3o &#8211; PROGRAD<\/li>\n<li>Maria Cristina Canela Gazotti &#8211; Pr\u00f3-Reitor de Pesquisa e P\u00f3s Gradua\u00e7\u00e3o &#8211; PROPPG<\/li>\n<li>Milton Masahiko Kanashiro &#8211; Pr\u00f3-Reitor de Assuntos Comunit\u00e1rios &#8211; PROAC<\/li>\n<\/ul>\n<p><strong>Diretores<\/strong><\/p>\n<ul>\n<li>Alexandre Pio Viana &#8211; Diretor do Centro de Ci\u00eancias e Tecnologias Agropecu\u00e1rias &#8211; CCTA<\/li>\n<li>Andre Rangel De Matos &#8211; Diretor de Inform\u00e1tica e Comunica\u00e7\u00e3o &#8211; DIC<\/li>\n<li>Carlos Vitor da Silva &#8211; Diretor de Comunica\u00e7\u00e3o<\/li>\n<li>Geraldo M\u00e1rcio Tim\u00f3teo &#8211; Diretor do Centro de Ci\u00eancias do Homem &#8211; CCH<\/li>\n<li>Giovane do Nascimento &#8211; Casa de Cultura Villa Maria<\/li>\n<li>Gon\u00e7alo Apolin\u00e1rio de Souza Filho &#8211; Diretor da Ag\u00eancia de Inova\u00e7\u00e3o &#8211; AGINOVA<\/li>\n<li>M\u00e1rcia Giardinieri de Azevedo &#8211; Diretor do Centro de Ci\u00eancias e Tecnologia &#8211; CCT<\/li>\n<li>Marina Satika Suzuki &#8211; Diretora do Centro de Bioci\u00eancias e Biotecnologia &#8211; CBB<\/li>\n<li>Pedro Cesar Da Costa Soares &#8211; Diretor Geral de Administra\u00e7\u00e3o &#8211; DGA<\/li>\n<li>Rog\u00e9rio Almeida Ribeiro de Castro &#8211; Diretor da Prefeitura da UENF<\/li>\n<\/ul>\n<p><strong>Assessores\/Auditor\/Ouvidor<\/strong><\/p>\n<ul>\n<li>Ana Cristina Oliveira da Rocha Pessanha &#8211; Assessor de Planejamento e Or\u00e7amento<\/li>\n<li>Antonio Carlos Guzzo &#8211; Ouvidor<\/li>\n<li>Humberto Samyn Nobre Oliveira &#8211; Assessor Jur\u00eddico<\/li>\n<li>Marcos Andr\u00e9 Hauaji Leal &#8211; Auditor Interno<\/li>\n<\/ul>\n","protected":false},"excerpt":{"rendered":"<p>Gabinete da Reitoria Rosana Rodrigues &#8211; Reitora F\u00e1bio Lopes Olivares &#8211; Vice Reitor Etiene Marques Ambr\u00f3sio &#8211; Chefe de Gabinete&#8230;<\/p>\n","protected":false},"author":38,"featured_media":0,"parent":3173,"menu_order":1,"comment_status":"closed","ping_status":"closed","template":"","meta":{"footnotes":""},"class_list":["post-3216","page","type-page","status-publish","hentry"],"_links":{"self":[{"href":"https:\/\/uenf.br\/reitoria\/transparencia\/wp-json\/wp\/v2\/pages\/3216","targetHints":{"allow":["GET"]}}],"collection":[{"href":"https:\/\/uenf.br\/reitoria\/transparencia\/wp-json\/wp\/v2\/pages"}],"about":[{"href":"https:\/\/uenf.br\/reitoria\/transparencia\/wp-json\/wp\/v2\/types\/page"}],"author":[{"embeddable":true,"href":"https:\/\/uenf.br\/reitoria\/transparencia\/wp-json\/wp\/v2\/users\/38"}],"replies":[{"embeddable":true,"href":"https:\/\/uenf.br\/reitoria\/transparencia\/wp-json\/wp\/v2\/comments?post=3216"}],"version-history":[{"count":0,"href":"https:\/\/uenf.br\/reitoria\/transparencia\/wp-json\/wp\/v2\/pages\/3216\/revisions"}],"up":[{"embeddable":true,"href":"https:\/\/uenf.br\/reitoria\/transparencia\/wp-json\/wp\/v2\/pages\/3173"}],"wp:attachment":[{"href":"https:\/\/uenf.br\/reitoria\/transparencia\/wp-json\/wp\/v2\/media?parent=3216"}],"curies":[{"name":"wp","href":"https:\/\/api.w.org\/{rel}","templated":true}]}}