{"id":3246,"date":"2021-02-24T14:15:09","date_gmt":"2021-02-24T17:15:09","guid":{"rendered":"https:\/\/uenf.br\/reitoria\/transparencia\/?page_id=3246"},"modified":"2025-10-13T16:20:16","modified_gmt":"2025-10-13T19:20:16","slug":"04-03-processos-de-auditorias-anuais-de-contas","status":"publish","type":"page","link":"https:\/\/uenf.br\/reitoria\/transparencia\/4-auditorias\/04-03-processos-de-auditorias-anuais-de-contas\/","title":{"rendered":"04.03 &#8211; Processos de Auditorias Anuais de Contas"},"content":{"rendered":"<ul>\n<li><a href=\"https:\/\/uenf.br\/reitoria\/transparencia\/files\/2021\/03\/SEI_SEI_260009_000258_2020-PCA-2019.pdf\" target=\"_blank\" rel=\"noopener\">PRESTA\u00c7\u00c3O DE CONTAS DOS ORDENADORES DE DESPESAS DA UENF &#8211; EXERC\u00cdCIO DE 2019<\/a><\/li>\n<li><a href=\"https:\/\/uenf.br\/reitoria\/transparencia\/files\/2021\/03\/SEI_SEI_260009_000118_2020-PC-Bens-Moveis-2019.pdf\" target=\"_blank\" rel=\"noopener\">PRESTA\u00c7\u00c3O DE CONTAS DO RESPONS\u00c1VEL POR BENS M\u00d3VEIS &#8211; EXERC\u00cdCIO DE 2019<\/a><\/li>\n<li><a href=\"https:\/\/uenf.br\/reitoria\/transparencia\/files\/2021\/03\/SEI_SEI_260009_000120_2020-PC-Bens-Imoveis-2019.pdf\" target=\"_blank\" rel=\"noopener\">PRESTA\u00c7\u00c3O DE CONTAS DO RESPONS\u00c1VEL POR BENS IM\u00d3VEIS &#8211; EXERC\u00cdCIO DE 2019<\/a><\/li>\n<li><a href=\"https:\/\/uenf.br\/reitoria\/transparencia\/files\/2021\/03\/SEI_SEI_260009_000284_2020-PC-Almoxarifado-2019.pdf\" target=\"_blank\" rel=\"noopener\">PRESTA\u00c7\u00c3O DE CONTAS DO RESPONS\u00c1VEL POR BENS EM ALMOXARIFADO &#8211; EXERC\u00cdCIO DE 2019<\/a><\/li>\n<\/ul>\n<p>&nbsp;<\/p>\n<ul>\n<li><a href=\"https:\/\/uenf.br\/reitoria\/transparencia\/files\/2022\/04\/SEI_SEI_260009_001280_2021-PCA-2020.pdf\" target=\"_blank\" rel=\"noopener\">PRESTA\u00c7\u00c3O DE CONTAS DOS ORDENADORES DE DESPESAS DA UENF &#8211; EXERC\u00cdCIO DE 2020<\/a><\/li>\n<li><a href=\"https:\/\/uenf.br\/reitoria\/transparencia\/files\/2022\/04\/SEI_SEI_260009_001362_2020-PC-BENS-PATRIMONIAIS.pdf\" target=\"_blank\" rel=\"noopener\">PRESTA\u00c7\u00c3O DE CONTAS DO RESPONS\u00c1VEL POR BENS PATRIMONIAIS &#8211; EXERC\u00cdCIO DE 2020<\/a><\/li>\n<li><a href=\"https:\/\/uenf.br\/reitoria\/transparencia\/files\/2022\/04\/SEI_SEI_260009_001436_2020-PC-ALMOXARIFADO.pdf\" target=\"_blank\" rel=\"noopener\">PRESTA\u00c7\u00c3O DE CONTAS DO RESPONS\u00c1VEL POR BENS EM ALMOXARIFADO &#8211; EXERC\u00cdCIO DE 2020<\/a><\/li>\n<\/ul>\n<p>&nbsp;<\/p>\n<ul>\n<li><a href=\"https:\/\/uenf.br\/reitoria\/transparencia\/files\/2022\/06\/SEI_SEI_260009_001583_2022-RAA.pdf\" target=\"_blank\" rel=\"noopener\">PRESTA\u00c7\u00c3O DE CONTAS DOS ORDENADORES DE DESPESAS DA UENF &#8211; EXERC\u00cdCIO DE 2021<\/a><\/li>\n<li><a href=\"https:\/\/uenf.br\/reitoria\/transparencia\/files\/2022\/10\/SEI_SEI_260009_003162_2022-PC-Bens-Patrimoniais-2021.pdf\" target=\"_blank\" rel=\"noopener\">PRESTA\u00c7\u00c3O DE CONTAS DO RESPONS\u00c1VEL POR BENS PATRIMONIAIS &#8211; EXERC\u00cdCIO DE 2021<\/a><\/li>\n<li><a href=\"https:\/\/uenf.br\/reitoria\/transparencia\/files\/2022\/10\/SEI_SEI_260009_002908_2022-PC-Almoxarifado-2021-F.pdf\" target=\"_blank\" rel=\"noopener\">PRESTA\u00c7\u00c3O DE CONTAS DO RESPONS\u00c1VEL POR BENS EM ALMOXARIFADO &#8211; EXERC\u00cdCIO DE 2021<\/a><\/li>\n<\/ul>\n<p>&nbsp;<\/p>\n<ul>\n<li><a href=\"https:\/\/uenf.br\/reitoria\/transparencia\/files\/2023\/10\/RAA_2022_assinado_19062023025138.pdf\" target=\"_blank\" rel=\"noopener\">PRESTA\u00c7\u00c3O DE CONTAS DOS ORDENADORES DE DESPESAS DA UENF &#8211; EXERC\u00cdCIO DE 2022<\/a><\/li>\n<li><a href=\"https:\/\/uenf.br\/reitoria\/transparencia\/files\/2023\/10\/SEI_55230184_Relatorio-PC-Almoxarifado-2022.pdf\" target=\"_blank\" rel=\"noopener\">PRESTA\u00c7\u00c3O DE CONTAS DO RESPONS\u00c1VEL POR BENS EM ALMOXARIFADO &#8211; EXERC\u00cdCIO DE 2022<\/a><\/li>\n<\/ul>\n<p>&nbsp;<\/p>\n<ul>\n<li><a href=\"https:\/\/uenf.br\/reitoria\/transparencia\/files\/2025\/06\/SEI_79481039_Relatorio-RAA-2023.pdf\" target=\"_blank\" rel=\"noopener\">PRESTA\u00c7\u00c3O DE CONTAS DOS ORDENADORES DE DESPESAS DA UENF &#8211; EXERC\u00cdCIO DE 2023<\/a><\/li>\n<li><a href=\"https:\/\/uenf.br\/reitoria\/transparencia\/files\/2025\/10\/SEI_112362973_Relatorio-Almoxarifado-PC-2023.pdf\" target=\"_blank\" rel=\"noopener\">PRESTA\u00c7\u00c3O DE CONTAS DO RESPONS\u00c1VEL POR BENS EM ALMOXARIFADO &#8211; EXERC\u00cdCIO DE 2023<\/a><\/li>\n<\/ul>\n<p>&nbsp;<\/p>\n<ul>\n<li><a href=\"https:\/\/uenf.br\/reitoria\/transparencia\/files\/2025\/06\/SEI_101921106_Relatorio-RAA-2024.pdf\" target=\"_blank\" rel=\"noopener\">PRESTA\u00c7\u00c3O DE CONTAS DOS ORDENADORES DE DESPESAS DA UENF &#8211; EXERC\u00cdCIO DE 2024<\/a><\/li>\n<li><a href=\"https:\/\/uenf.br\/reitoria\/transparencia\/files\/2025\/10\/SEI_112362973_Relatorio-Almoxarifado-PC-2023-1.pdf\" target=\"_blank\" rel=\"noopener\">PRESTA\u00c7\u00c3O DE CONTAS DO RESPONS\u00c1VEL POR BENS EM ALMOXARIFADO &#8211; EXERC\u00cdCIO DE 2024<\/a><\/li>\n<\/ul>\n","protected":false},"excerpt":{"rendered":"<p>PRESTA\u00c7\u00c3O DE CONTAS DOS ORDENADORES DE DESPESAS DA UENF &#8211; EXERC\u00cdCIO DE 2019 PRESTA\u00c7\u00c3O DE CONTAS DO RESPONS\u00c1VEL POR BENS&#8230;<\/p>\n","protected":false},"author":38,"featured_media":0,"parent":3181,"menu_order":1,"comment_status":"closed","ping_status":"closed","template":"","meta":{"footnotes":""},"class_list":["post-3246","page","type-page","status-publish","hentry"],"_links":{"self":[{"href":"https:\/\/uenf.br\/reitoria\/transparencia\/wp-json\/wp\/v2\/pages\/3246","targetHints":{"allow":["GET"]}}],"collection":[{"href":"https:\/\/uenf.br\/reitoria\/transparencia\/wp-json\/wp\/v2\/pages"}],"about":[{"href":"https:\/\/uenf.br\/reitoria\/transparencia\/wp-json\/wp\/v2\/types\/page"}],"author":[{"embeddable":true,"href":"https:\/\/uenf.br\/reitoria\/transparencia\/wp-json\/wp\/v2\/users\/38"}],"replies":[{"embeddable":true,"href":"https:\/\/uenf.br\/reitoria\/transparencia\/wp-json\/wp\/v2\/comments?post=3246"}],"version-history":[{"count":0,"href":"https:\/\/uenf.br\/reitoria\/transparencia\/wp-json\/wp\/v2\/pages\/3246\/revisions"}],"up":[{"embeddable":true,"href":"https:\/\/uenf.br\/reitoria\/transparencia\/wp-json\/wp\/v2\/pages\/3181"}],"wp:attachment":[{"href":"https:\/\/uenf.br\/reitoria\/transparencia\/wp-json\/wp\/v2\/media?parent=3246"}],"curies":[{"name":"wp","href":"https:\/\/api.w.org\/{rel}","templated":true}]}}